 1948?
False
Does 2195 divide 52968958?
False
Is 25 a factor of 48150350?
True
Is 4 a factor of 609220164?
True
Is 470 a factor of 1744855359?
False
Does 911 divide 464031515?
True
Is 108 a factor of 11692836?
True
Does 72 divide 44266104?
True
Does 1135 divide 20587765?
True
Is 264149327 a multiple of 3249?
False
Is 44 a factor of 463977052?
True
Does 41 divide 39656922?
True
Does 25 divide 339524475?
True
Is 7 a factor of 39476556?
True
Is 165970665 a multiple of 1435?
True
Is 21 a factor of 146825385?
True
Is 19 a factor of 4704486353?
False
Is 4532970 a multiple of 13?
True
Is 1371162784 a multiple of 3?
False
Does 1228 divide 1035085250?
False
Does 1878 divide 54909015?
False
Is 57 a factor of 36657747?
False
Is 238880960 a multiple of 8?
True
Is 27038520 a multiple of 1770?
True
Is 189068794 a multiple of 82?
True
Does 9 divide 133096185?
True
Is 7 a factor of 16703570?
False
Does 39 divide 961856766?
True
Is 675500874 a multiple of 6?
True
Does 253 divide 26391794?
False
Is 249 a factor of 222319899?
True
Is 80 a factor of 31345120?
True
Does 20 divide 412134547?
False
Does 29 divide 6430432?
False
Is 184 a factor of 1751680?
True
Is 26683722 a multiple of 26?
True
Is 14619900 a multiple of 12?
True
Is 5820 a factor of 296092500?
True
Does 1021 divide 4174591288?
True
Does 118 divide 21669792?
False
Does 31 divide 62554663?
False
Is 17 a factor of 1076142874?
True
Is 4551 a factor of 6584692?
False
Is 4 a factor of 719520127?
False
Is 1068973290 a multiple of 407?
True
Does 22 divide 667021370?
False
Is 20 a factor of 429559620?
True
Is 444068140 even?
True
Is 11 a factor of 104152668?
False
Is 2264 a factor of 639924128?
True
Is 7171 a factor of 485939273?
False
Is 304764732 a multiple of 1366?
False
Does 10 divide 1263510?
True
Does 82 divide 21864115?
False
Is 199988270 a multiple of 430?
True
Is 60 a factor of 187162812?
False
Is 64 a factor of 720932672?
True
Is 12 a factor of 176910239?
False
Is 12615 a factor of 36342271?
False
Is 15 a factor of 25495277?
False
Is 896 a factor of 809798109?
False
Is 2033520 a multiple of 1374?
True
Is 904 a factor of 1419693?
False
Is 204823975 a multiple of 274?
False
Is 21393102 a multiple of 586?
True
Does 3 divide 15877812?
True
Does 364 divide 264377699?
False
Is 126827549 a multiple of 86?
False
Does 254 divide 8389485?
False
Does 34 divide 113624921?
False
Does 4297 divide 1028405307?
True
Is 2305 a factor of 36152002?
False
Does 11 divide 23063568?
True
Does 200 divide 201357200?
True
Is 138273149 a multiple of 49?
True
Does 4 divide 27057884?
True
Is 24274380 a multiple of 15?
True
Is 1468 a factor of 37312084?
False
Is 210000114 a multiple of 2187?
True
Is 580 a factor of 145834620?
True
Is 278586981 a multiple of 1849?
True
Is 1613125270 a multiple of 19?
True
Is 18866862 a multiple of 18?
True
Is 10 a factor of 46100859?
False
Does 9 divide 2682835443?
True
Is 1642 a factor of 303435032?
True
Is 193 a factor of 122392301?
True
Is 2789655 a multiple of 248?
False
Is 11800363 a multiple of 100?
False
Does 6 divide 7032628?
False
Is 4706418 a multiple of 6?
True
Is 8 a factor of 23185535?
False
Is 25 a factor of 4159958751?
False
Does 3415 divide 1732563886?
False
Is 117844522 a multiple of 4893?
False
Is 1658 a factor of 1862277782?
False
Is 580 a factor of 137951840?
True
Is 642409 a multiple of 369?
False
Is 829 a factor of 1052826?
False
Is 7817733 a multiple of 17?
False
Does 16 divide 2265900409?
False
Is 19290596 a multiple of 9?
False
Is 991800 a multiple of 380?
True
Is 269335716 a multiple of 1482?
True
Is 179 a factor of 788596493?
True
Is 179 a factor of 141238?
False
Is 9293627 a multiple of 191?
False
Does 47 divide 12615270?
True
Is 58 a factor of 347324402?
False
Is 17831296 a multiple of 8?
True
Is 119 a factor of 8539321?
True
Does 103 divide 84237816?
False
Is 37 a factor of 54033404?
False
Is 24836475 a multiple of 75?
True
Is 2 a factor of 108047736?
True
Is 119668902 a multiple of 16?
False
Is 112 a factor of 142186310?
False
Does 11 divide 27614345?
True
Does 4451 divide 143268116?
False
Is 5759 a factor of 900005997?
False
Is 1898033272 a multiple of 323?
True
Is 121887776 a multiple of 263?
False
Is 2311 a factor of 421648883?
True
Is 6 a factor of 15497000?
False
Does 469 divide 69942439?
True
Is 774336264 a multiple of 442?
True
Is 6 a factor of 33814227?
False
Does 111 divide 94248179?
False
Does 1799 divide 136169908?
True
Does 74 divide 446935894?
False
Does 7 divide 21796740?
True
Does 25 divide 376210300?
True
Is 74967592 a multiple of 28?
True
Does 22 divide 6398125?
False
Is 14 a factor of 416716?
False
Is 78688980 a multiple of 6870?
True
Is 5975 a factor of 540413992?
False
Is 55653304 a multiple of 8?
True
Does 77 divide 953587404?
True
Is 158 a factor of 13552766?
True
Is 171131072 a multiple of 7?
True
Is 654 a factor of 2524649889?
False
Does 7308 divide 1115475090?
False
Is 50011260 a multiple of 845?
False
Does 130 divide 246789792?
False
Is 1335 a factor of 51578453?
False
Is 171001302 a multiple of 1555?
False
Is 1449779604 a multiple of 1582?
True
Does 2 divide 23015066?
True
Is 3 a factor of 33335753?
False
Is 274971528 a multiple of 97?
False
Is 7 a factor of 1406519513?
True
Does 17 divide 20718138?
True
Is 4 a factor of 26210204?
True
Is 16 a factor of 164592720?
True
Is 27 a factor of 461842074?
True
Does 239 divide 41196?
False
Is 469964292 even?
True
Is 118 a factor of 9089894?
True
Is 7721002 a multiple of 3?
False
Does 2069 divide 43372447?
True
Is 4573 a factor of 923851518?
False
Is 3787900 a multiple of 6?
False
Does 1619 divide 82083300?
True
Is 852 a factor of 18756816?
False
Is 3858057 a multiple of 447?
True
Does 21 divide 113780?
False
Is 614565200 a multiple of 2768?
True
Is 1173 a factor of 73339479?
True
Is 24479441 a multiple of 183?
False
Is 1701 a factor of 72001629?
True
Is 519349938 a multiple of 97?
False
Is 12276 a factor of 15602796?
True
Is 428385774 a multiple of 681?
True
Does 83 divide 21937891?
False
Is 1099 a factor of 236483512?
False
Is 8655919 a multiple of 13?
False
Does 2577 divide 459695149?
False
Does 851 divide 24253500?
True
Is 36669000 a multiple of 255?
True
Is 681048384 a multiple of 96?
True
Is 51719223 a multiple of 47?
True
Does 22 divide 13222457?
False
Is 173 a factor of 82613209?
True
Is 63 a factor of 1349058063?
False
Does 502 divide 694663889?
False
Does 8 divide 86844213?
False
Is 3 a factor of 401729987?
False
Is 365222009 even?
False
Does 219 divide 6033669?
True
Does 9 divide 32913?
True
Is 42000756 a multiple of 92?
False
Does 1277 divide 154930902?
False
Is 176245151 a multiple of 568?
False
Is 150 a factor of 155186100?
True
Is 36066468 a multiple of 527?
False
Does 17 divide 522715864?
True
Does 1784 divide 650994930?
False
Is 370946717 a multiple of 52?
False
Is 201135999 a multiple of 3056?
False
Is 3620 a factor of 43533307?
False
Is 147483136 a multiple of 128?
True
Does 5690 divide 538683680?
True
Is 2170 a factor of 2226225156?
False
Is 38 a factor of 84624611?
False
Is 79 a factor of 358425988?
False
Is 209 a factor of 59962727?
True
Does 101 divide 311783433?
False
Does 347 divide 25961499?
True
Is 848257 a multiple of 917?
False
Is 563782275 a multiple of 93?
True
Is 2687 a factor of 107458504?
True
Is 6487871158 a multiple of 43?
False
Is 104 a factor of 1875952?
True
Is 109 a factor of 74222569?
True
Is 531 a factor of 43619794?
False
Does 300 divide 105160803?
False
Is 973727 a multiple of 12?
False
Is 74 a factor of 242783862?
True
Is 168 a factor of 189466536?
True
Is 68987236 a multiple of 962?
False
Is 319161283 a multiple of 7?
True
Is 18 a factor of 65319613?
False
Does 79 divide 373081845?
True
Is 15 a factor of 11187940?
False
Is 11 a factor of 2874018297?
False
Is 150244134 a multiple of 399?
False
Does 1365 divide 248374035?
True
Is 179 a factor of 462570726?
True
Is 74367652 a multiple of 1388?
True
Is 14 a factor of 2209227412?
True
Is 48 a factor of 432906720?
True
Is 43 a factor of 68967356?
True
Is 65550055 a multiple of 181?
True
Is 49439304 a multiple of 367?
True
Does 552 divide 2216509632?
True
Is 2689 a factor of 58902427?
False
Does 1346 divide 406107027?
False
Is 182 a factor of 496111798?
True
Does 359 divide 892045918?
False
Is 5357891 a mul